08157.
77
What is the greatest common divisor of 15998388 and 115997?
511
Calculate the greatest common divisor of 23908500 and 5400.
2700
Calculate the greatest common divisor of 101442 and 900735.
1749
What is the highest common factor of 1012227606 and 234?
234
Calculate the greatest common factor of 2657 and 121873933.
2657
What is the highest common factor of 3680 and 11324096?
736
What is the highest common factor of 893545 and 28891?
173
Calculate the highest common factor of 243 and 100733004.
27
What is the greatest common divisor of 7576 and 197587762?
1894
Calculate the greatest common factor of 2053875 and 9750.
375
What is the greatest common factor of 145356 and 390?
6
Calculate the greatest common divisor of 1775100 and 1470100.
6100
What is the highest common factor of 17801947 and 241?
241
What is the greatest common factor of 346878 and 295722?
126
What is the highest common factor of 668 and 8166634?
334
What is the highest common divisor of 707024 and 9712?
16
Calculate the highest common divisor of 569655408 and 1344.
336
What is the highest common factor of 2 and 5145386?
2
Calculate the greatest common factor of 624 and 14184240.
48
Calculate the highest common divisor of 495 and 850542165.
495
Calculate the highest common factor of 7896821 and 11524.
2881
What is the highest common divisor of 300932 and 9947111?
3271
What is the greatest common factor of 486 and 372762972?
486
Calculate the greatest common factor of 105345 and 465.
15
What is the greatest common factor of 3288 and 15129732?
1644
Calculate the highest common factor of 25135083 and 174.
87
Calculate the highest common divisor of 4266 and 50598.
54
Calculate the greatest common factor of 17 and 1015354869.
17
What is the greatest common divisor of 770 and 467807186?
154
What is the highest common factor of 5433 and 19921?
1811
Calculate the greatest common divisor of 2120 and 4487616.
424
What is the highest common divisor of 302952 and 858?
78
Calculate the greatest common factor of 42 and 23413134.
6
Calculate the greatest common divisor of 48068 and 2998340.
788
Calculate the highest common divisor of 90241082 and 35014.
5002
Calculate the highest common factor of 15 and 374919555.
15
What is the highest common factor of 901770 and 1350?
30
What is the greatest common divisor of 143786 and 5372?
34
What is the greatest common divisor of 19479456 and 2992?
16
What is the highest common factor of 3 and 189353163?
3
Calculate the greatest common factor of 148 and 11834783.
37
Calculate the greatest common divisor of 182151 and 105561.
333
Calculate the highest common divisor of 2031877 and 140513.
227
What is the highest common factor of 1216 and 961932?
76
What is the greatest common factor of 11421708 and 69774?
174
What is the greatest common factor of 46 and 1396811942?
46
What is the highest common factor of 5057 and 541877?
389
Calculate the greatest common factor of 1678638 and 6162.
78
What is the greatest common factor of 5583114 and 1890?
54
Calculate the greatest common divisor of 443 and 3638460004.
443
Calculate the greatest common factor of 1799125891 and 12986.
6493
Calculate the highest common factor of 395 and 1749280.
5
What is the highest common factor of 58227633 and 15093?
1161
Calculate the highest common factor of 33627865 and 8300.
415
Calculate the highest common factor of 2906 and 34505844.
2906
What is the highest common divisor of 124 and 13410228?
124
Calculate the highest common divisor of 8790 and 6510753.
879
What is the greatest common factor of 471 and 50797193?
157
What is the highest common factor of 9774 and 5031257?
181
What is the greatest common factor of 617757 and 221697?
483
Calculate the greatest common divisor of 31797738 and 84.
42
What is the highest common divisor of 420320 and 13120?
160
What is the highest common divisor of 4103095 and 220?
5
What is the highest common divisor of 8364 and 7742358?
246
Calculate the highest common divisor of 409600 and 56800.
800
Calculate the highest common divisor of 129 and 14832243.
3
What is the greatest common factor of 27746895 and 60?
15
Calculate the greatest common divisor of 1636629 and 24.
3
Calculate the highest common factor of 24804 and 209872.
52
What is the greatest common factor of 33995680 and 6?
2
What is the greatest common divisor of 10672 and 55016?
184
What is the greatest common divisor of 6444 and 72?
36
Calculate the greatest common factor of 1070003 and 12345784.
2629
Calculate the greatest common factor of 1683 and 173709.
9
What is the greatest common divisor of 330 and 272535?
15
Calculate the highest common divisor of 1616343 and 5457.
51
Calculate the highest common factor of 152 and 411664.
8
What is the highest common factor of 1329 and 51108?
3
What is the highest common divisor of 389405 and 45?
5
What is the greatest common factor of 3165441 and 837?
93
What is the greatest common factor of 47824 and 533872?
976
What is the highest common factor of 735 and 452515?
245
Calculate the greatest common divisor of 230 and 2255863.
23
What is the greatest common factor of 1570738 and 3718?
26
Calculate the highest common divisor of 3925 and 39270567.
157
Calculate the greatest common factor of 7745375 and 88.
11
What is the highest common factor of 535686 and 7363?
37
What is the highest common factor of 1134 and 87990?
42
What is the highest common divisor of 1432904 and 163647?
209
Calculate the highest common factor of 3447 and 276825123.
3447
What is the greatest common divisor of 2622 and 11815698?
138
What is the greatest common divisor of 97 and 193137379?
97
What is the highest common divisor of 283523 and 2945142?
1249
What is the highest common factor of 3429 and 6418961?
127
What is the highest common divisor of 121550 and 18678?
22
What is the greatest common divisor of 7234788 and 374?
22
Calculate the greatest common divisor of 37535743 and 6856.
857
What is the highest common factor of 802848 and 20208?
48
Calculate the greatest common factor of 1380367 and 6161.
101
Calculate the greatest common factor of 16010 and 199993718.
3202
What is the highest common divisor of 878066413 and 21?
7
Calculate the highest common divisor of 3266 and 31861463.
1633
Calculate the highest common divisor of 51 and 2012896203.
51
Calculate the greatest common divisor of 2559870555 and 1210.
605
Calculate the highest common factor of 904700 and 1357880.
1660
Calculate the greatest common factor of 648 and 331910784.
648
Calculate the greatest common divisor of 86 and 7236298.
86
Calculate the highest common divisor of 2265 and 131548331.
151
What is the greatest common divisor of 110135 and 16015?
5
What is the highest common divisor of 5 and 6115475?
5
Calculate the greatest common factor of 198 and 1198593726.
66
What is the highest common factor of 2744 and 5344283?
343
Calculate the highest common factor of 27004 and 4232920.
172
Calculate the greatest common divisor of 942766 and 8382.
22
Calculate the greatest common factor of 15987320 and 62.
62
What is the greatest common divisor of 975 and 194344410?
195
Calculate the greatest common factor of 7910 and 12002634.
1582
Calculate the highest common factor of 4508639 and 25126.
739
Calculate the highest common factor of 6372 and 6900.
12
What is the greatest common factor of 51 and 1470334641?
51
Calculate the highest common factor of 3321405243 and 1377.
1377
What is the highest common divisor of 6741 and 521625?
321
Calculate the highest common divisor of 16 and 36256272.
16
What is the greatest common divisor of 381 and 2020951?
127
Calculate the highest common divisor of 4 and 18029840.
4
What is the highest common factor of 15332887 and 37054?
97
Calculate the highest common divisor of 201 and 785545051.
67
What is the greatest common factor of 43296 and 809504?
1312
Calculate the highest common divisor of 105595 and 7156755.
2155
What is the greatest common factor of 1827294 and 107030?
1946
What is the greatest common divisor of 903 and 2418121125?
903
Calculate the highest common divisor of 565998 and 2480.
62
What is the greatest common factor of 18 and 199566?
18
Calculate the highest common divisor of 1689398 and 6.
2
Calculate the highest common divisor of 5155632 and 2196.
36